True
Is 42988483 composite?
False
Is 145703297 a prime number?
False
Is 1010681983 a composite number?
False
Is 2653303 a composite number?
True
Is 32707891 composite?
False
Is 1607483 a composite number?
True
Is 321695377 composite?
False
Is 1534579 prime?
True
Is 6700007 a composite number?
False
Is 16337273 composite?
False
Is 402488545 a prime number?
False
Is 2363761 a composite number?
True
Is 117003721 a prime number?
True
Is 5206963 a prime number?
True
Is 26240927 a composite number?
False
Is 4699417 a prime number?
True
Is 3353851 a composite number?
False
Is 348107 prime?
False
Is 6326 a composite number?
True
Is 218996174 prime?
False
Is 728171 a prime number?
False
Is 17227799 composite?
True
Is 99614057 prime?
True
Is 161469653 composite?
False
Is 11702197 composite?
True
Is 48286757 a composite number?
True
Is 1100581 a prime number?
True
Is 28190837 prime?
True
Is 23325859 prime?
True
Is 72869903 a prime number?
True
Is 2431097 a composite number?
False
Is 164555693 a composite number?
False
Is 290581 composite?
True
Is 538417 a prime number?
False
Is 328961 composite?
False
Is 26952883 a composite number?
True
Is 1420169 composite?
False
Is 797343 prime?
False
Is 1551593 composite?
False
Is 386305681 prime?
False
Is 2604401 composite?
False
Is 262826 composite?
True
Is 13693003 a prime number?
False
Is 20530669 composite?
False
Is 1095401 prime?
True
Is 2577989 a prime number?
True
Is 43049021 composite?
True
Is 479855 prime?
False
Is 27429011 composite?
False
Is 816349 prime?
False
Is 2683853 a composite number?
True
Is 2767771 composite?
False
Is 129884471 composite?
True
Is 91558178 a prime number?
False
Is 760073 a composite number?
True
Is 1638581 a composite number?
True
Is 429289739 composite?
False
Is 91938421 prime?
True
Is 4407257 prime?
True
Is 3458489 a prime number?
True
Is 2780477 prime?
False
Is 225878734 a composite number?
True
Is 52385287 a prime number?
False
Is 6096277 a prime number?
False
Is 661513 composite?
False
Is 88097453 prime?
False
Is 22037989 prime?
True
Is 4675667 prime?
True
Is 864190541 prime?
False
Is 2525473 prime?
True
Is 2853169 a composite number?
True
Is 121487303 a composite number?
True
Is 45737 prime?
True
Is 9694733 a composite number?
False
Is 81470539 prime?
False
Is 2563555 a composite number?
True
Is 78271489 a prime number?
True
Is 35859 composite?
True
Is 27764173 a composite number?
True
Is 141906731 a prime number?
False
Is 15372451 a composite number?
False
Is 123191 a composite number?
False
Is 413927 a prime number?
False
Is 135054911 composite?
False
Is 127994761 prime?
False
Is 386609 composite?
False
Is 104106603 prime?
False
Is 1107806729 prime?
False
Is 473923 prime?
True
Is 3624661 a composite number?
True
Is 96535483 a prime number?
False
Is 4058713 a composite number?
True
Is 308183 composite?
True
Is 924893 prime?
False
Is 47371607 composite?
True
Is 6109793 prime?
False
Is 339269071 prime?
True
Is 469922759 a composite number?
True
Is 153498473 a prime number?
False
Is 35585399 a composite number?
False
Is 158538935 a composite number?
True
Is 317533 a prime number?
False
Is 1005722 composite?
True
Is 9087683 a composite number?
True
Is 66073873 a composite number?
False
Is 179417183 prime?
False
Is 6463991 a composite number?
False
Is 507215543 a prime number?
False
Is 123131 composite?
True
Is 13877161 prime?
True
Is 55008359 a prime number?
False
Is 23887663 a prime number?
False
Is 210343769 composite?
True
Is 247341217 prime?
True
Is 9179419 a prime number?
True
Is 1123151 composite?
False
Is 13283005 prime?
False
Is 1435139 a composite number?
False
Is 1349281 a composite number?
False
Is 6620083 a prime number?
True
Is 61231213 a prime number?
True
Is 38342761 a composite number?
False
Is 45868765 a composite number?
True
Is 87073991 a prime number?
True
Is 4036741 a composite number?
True
Is 1444927 prime?
False
Is 71238337 a prime number?
False
Is 88241122 prime?
False
Is 77618609 composite?
True
Is 6616381 a composite number?
False
Is 63328091 composite?
False
Is 3120373 prime?
True
Is 8463139 a composite number?
False
Is 2139677 prime?
True
Is 760579 composite?
False
Is 288227 a prime number?
True
Is 335999 a prime number?
True
Is 3362029 composite?
True
Is 15728197 a prime number?
False
Is 235237 a prime number?
False
Is 2559961 composite?
True
Is 9159947 prime?
False
Is 174065341 prime?
False
Is 50654269 composite?
True
Is 17532674 a prime number?
False
Is 50074737 a prime number?
False
Is 31472579 composite?
True
Is 20335541 composite?
True
Is 16278653 composite?
True
Is 54252893 a prime number?
True
Is 168999191 a composite number?
False
Is 156269761 prime?
True
Is 23566637 composite?
False
Is 7687699 a prime number?
True
Is 26556209 a prime number?
False
Is 7925503 a prime number?
True
Is 19464919 prime?
False
Is 4690349 prime?
True
Is 1259485021 a prime number?
True
Is 5538649 a prime number?
False
Is 190303 composite?
True
Is 80151697 a composite number?
False
Is 2555643 composite?
True
Is 6241593 prime?
False
Is 16338691 prime?
False
Is 6849131 a composite number?
False
Is 739543 a prime number?
False
Is 12748133 composite?
True
Is 30615773 a composite number?
True
Is 1397897 a prime number?
False
Is 13665257 prime?
True
Is 21521221 a prime number?
False
Is 8830403 a prime number?
False
Is 218477429 composite?
True
Is 4505533 a prime number?
True
Is 7884911 composite?
True
Is 323391351 composite?
True
Is 124990693 a composite number?
False
Is 57027055 composite?
True
Is 2518287 composite?
True
Is 308237077 a composite number?
True
Is 52996397 prime?
False
Is 6633047 a prime number?
True
Is 14260513 composite?
False
Is 1615301 composite?
True
Is 3866449 prime?
False
Is 29951489 a composite number?
False
Is 8007205 a composite number?
True
Is 1018669 composite?
False
Is 6241099 a prime number?
False
Is 4844227 a prime number?
True
Is 57761503 composite?
False
Is 630029 a composite number?
False
Is 53915699 a prime number?
True
Is 1156927 a prime number?
True
Is 118736129 a prime number?
True
Is 1363883 a composite number?
False
Is 221686037 composite?
False
Is 80942777 a composite number?
False
Is 17227733 composite?
False
Is 12522811 a prime number?
False
Is 211827643 a prime number?
False
Is 91871191 a composite number?
True
Is 7128637 prime?
False
Is 4418437 a prime number?
True
Is 405875923 prime?
True
Is 7026431 a composite number?
True
Is 27833863 a prime number?
True
Is 288890617 a composite number?
False
Is 12989045 prime?
False
Is 349703441 composite?
False
Is 16900957 a prime number?
True
Is 97178377 a composite number?
False
Is 10154977 a prime number?
False
Is 57005791 prime?
True
Is 9092789 a composite number?
False
Is 2405231 composite?
True
Is 5077859 a prime number?
False
Is 1346665 composite?
True
Is 46592578 composite?
True
Is 83479083 composite?
True
Is 99416309 prime?
True
Is 72778577 a prime number?
True
Is 74177803 a composite number?
True
Is 26994633 a composite number?
True
Is 93224627 prime?
False
Is 228077 a composite number?
False
Is 38505353 a composite number?
False
Is 14457929 a composite number?
False
Is 43870367 composite?
False
Is 12306499 a prime number?
True
Is 23200321 a composite number?
False
Is 1004557 composite?
True
Is 4900013 composite?
True
Is 223091747 composite?
False
Is 564871 a prime number?
True
Is 69083887 prime?
False
Is 154734278 a prime number?
False
Is 144000739 a composite number?
False
Is 37488289 a composite number?
True
Is 19022387 composite?
False
Is 15926117 a composite number?
False
Is 7207481 a prime number?
True
Is 86714429 prime?
False
Is 7425339 a prime number?
False
Is 13172659 composite?
True
Is 17006485 composite?
True
Is 12992323 a prime number?
True
Is 27949253 a composite number?
True
Is 10677323 a prime number?
True
Is 91621 composite?
False
Is 9375937 prime?
True
Is 1869929 composite?
False
Is 379945351 prime?
True
Is 2501129 prime?
False
Is 3130723 prime?
False
Is 407657 a composite number?
False
Is 2617001 composite?
False
Is 44454763 a composite number?
False
Is 49342091 a composite number?
False
Is 40061027 prime?
False
Is 3479537 a prime number?
True
Is 1416299 composite?
False
Is 404007523 a composite number?
False
Is 105635989 prime?
True
Is 104303 composite?
True